31
Let f = -8 - -40. Suppose 30 = 4*k - 5*q, -3*k + 2*q + f = 6. What are the prime factors of k?
2, 5
Let w be (-6)/(-5)*10/3. Let h(c) = -c**2 + 5*c - 2. Let y be h(w). Suppose -4 - 7 = -n - y*d, n = -d + 10. What are the prime factors of n?
3
Let s(l) = 19*l + 38. List the prime factors of s(9).
11, 19
Suppose -v = -0*v - l - 5, 3*v = 2*l + 10. Let c = 3 - v. List the prime factors of (-2 - -3) + c + -2.
2
List the prime factors of (11 + -30)/((-1)/6).
2, 3, 19
Let n(m) = 7*m. Suppose 5*i = 8*i - 9. List the prime factors of n(i).
3, 7
Let x(t) = -3*t + 5. Let q be x(4). Let m be -20 - 2*(-3 + 2). Let a = q - m. What are the prime factors of a?
11
Let o(t) = t**2 - t - 1. Suppose -5*x = -63 + 8. Let c = x - 7. What are the prime factors of o(c)?
11
Let y be (32/(-6))/((-6)/9). Let d be 38/4 + (-1)/(-2). List the prime factors of 52*(-1 + d/y).
13
Let o = -3 - -6. Suppose 5*n - 2*v - 12 = 0, -6 = 3*v - o. What are the prime factors of n?
2
Suppose 0 = 5*o - 13 - 2. Suppose o*p - 5 - 1 = 0. Suppose 18 = a + 5*g + 1, p*g - 18 = -2*a. What are the prime factors of a?
7
Suppose q + 4*c - 13 = -0*c, 5*q - 88 = 3*c. What are the prime factors of q?
17
Let v = 8 - 5. Suppose v*k = 1 + 32. List the prime factors of k.
11
Let c = -10 + 24. What are the prime factors of c?
2, 7
Let x = -71 - -239. Suppose -4*d = -x - 4. What are the prime factors of d?
43
Let i = -9 - -11. Let d be (-6)/15 + 264/10. Suppose 3*a + a - 5*t = 56, 2*a = i*t + d. What are the prime factors of a?
3
Let r(z) = -3*z - 2 - 3 + 11*z**2 - 7*z**2 + z**3. List the prime factors of r(-4).
7
Suppose -105 = -3*c + 153. Let a = c - 35. List the prime factors of a.
3, 17
Let c(a) = -3*a**3 - 5*a**2 - 3*a + 48. Let w(o) = -o**3 - o**2 - o + 1. Let d(r) = c(r) - 4*w(r). What are the prime factors of d(0)?
2, 11
Let w = 7 + -3. Let h(c) = 3*c - 5. What are the prime factors of h(w)?
7
Suppose 4 = -4*f + 16. Let d(c) = 4*c - 5. What are the prime factors of d(f)?
7
Suppose 5 = -5*v, v - 86 = -3*z - 0*v. Suppose -g = g - 38. Let k = z - g. List the prime factors of k.
2, 5
Let v = 8 + -6. Suppose v*f - 33 = 1. Suppose -4*a + 52 = 4*x, a = -2*x + f + 8. List the prime factors of x.
2, 3
Suppose -q + 1 = -3. Let h be 1*-3 + (q - -9). List the prime factors of (h/6)/((-1)/(-9)).
3, 5
Let x(v) = v**2 - 3*v - 10. What are the prime factors of x(7)?
2, 3
Suppose -6*o - 181 = 4*a - o, -a + 4*o = 19. Let s = a - -79. Suppose 14 - s = -2*x. What are the prime factors of x?
13
Let c(h) = -10*h**2 + 1. Let m be c(1). Let d be ((-27)/12)/(m/24). Suppose k + 40 = d*k. List the prime factors of k.
2
Suppose q = 5*k - 6, 0*k - q = -3*k + 2. Suppose u + 2*m - 3*m = 37, 4*m + 76 = 2*u. Suppose -t = k*t - u. List the prime factors of t.
2, 3
Let i(g) = g**3 + 6*g**2 + 3*g - 1. Let x be i(-5). Let b = x + 17. Let l = 40 - b. List the prime factors of l.
2, 7
Suppose 0 = -6*o + 34 + 218. What are the prime factors of o?
2, 3, 7
Let r(l) = 3*l. Let i(x) = -x**2 + 4*x. Let g(f) = -f**2 + f. Let q(u) = -5*g(u) + i(u). Let h be q(1). What are the prime factors of r(h)?
3
Let v = 325 - 230. List the prime factors of v.
5, 19
Suppose 7 + 2 = 3*b. Let f(z) = -2*z + 3. Let x be f(b). What are the prime factors of (-49)/x + (-4)/(-6)?
17
Let x = 15 - -15. List the prime factors of (10/x)/(2/132).
2, 11
Suppose 9*z - 695 = 547. List the prime factors of z.
2, 3, 23
Suppose -w = w. Let x = 19 + -10. Let g = w + x. What are the prime factors of g?
3
Suppose -y = 5*x - 108, 3*x = -0*y + 3*y + 72. List the prime factors of x.
2, 11
Suppose -5*m = -m - 12. Suppose -3*t + 35 = -2*f, -m*t - 2*t + 5*f = -55. List the prime factors of t.
13
Let i(f) = -2*f - 4. Let p be (-2)/(-4)*(-1 + -5). List the prime factors of i(p).
2
Suppose -3*s + 4*l = -184, -8*l = 4*s - 3*l - 204. List the prime factors of s.
2, 7
Suppose -11*i = -6*i - 1035. List the prime factors of i.
3, 23
Suppose 24 = -4*j + 64. Suppose -3*v = 2*d - 9, 5*v + d = 6*d - j. What are the prime factors of (5 + v)*2/6?
2
Let i(b) be the third derivative of b**4/24 + 7*b**3/6 + b**2. List the prime factors of i(-5).
2
Suppose -m + 14 = 2*l, -3*m = m - 4*l - 8. Let f = m - -6. What are the prime factors of f?
2, 3
List the prime factors of ((-633)/(-9) + 1)/(6/27).
3, 107
Let d be ((-24)/10)/((-18)/240). Suppose -d = -3*s - 0*s + 4*q, -2*s + 5*q + 26 = 0. What are the prime factors of s?
2
Suppose -o = o. Suppose 0 = -5*u - o*u. Suppose -24 = -3*c - u. What are the prime factors of c?
2
Suppose 5*y + 15 = 0, 0 = -5*s - 4*y + 328 + 135. Suppose -4*p + s = 5*j - 64, 0 = 4*j - 3*p - 152. What are the prime factors of j?
5, 7
Let k(n) = -n - 3. List the prime factors of k(-6).
3
Let h(q) = -q**3 + 6*q**2 + q. Suppose 5*p + 6 = z - 0*z, 2*p = -z + 6. List the prime factors of h(z).
2, 3
Suppose -q = -5*r + 9, 3*q + 6 - 19 = -5*r. Suppose m = g - q, -2*m + 3 - 5 = -5*g. Suppose n - 4*n + 42 = g. List the prime factors of n.
2, 7
Let h be ((-12)/(-15))/(2/5). List the prime factors of 1*(4 - h/1).
2
Let l(x) be the second derivative of 4*x**3/3 - 3*x**2/2 + 4*x. List the prime factors of l(5).
37
Suppose -k + 176 = -107. List the prime factors of k.
283
Let y = 126 + -85. What are the prime factors of y?
41
Suppose -3*o = -y - o + 34, 71 = 2*y - 5*o. What are the prime factors of y?
2, 7
Let t = 114 + 77. What are the prime factors of t?
191
Let d(c) = -c**2 - c + 11. Let k(l) = l**2 + 2*l - 12. Let h(n) = -5*d(n) - 4*k(n). Let g be (3/2)/(1/4). List the prime factors of h(g).
11
Suppose -3*n - h + 0*h = -76, 4*n - h = 99. Suppose -1 = -2*a + 11. Suppose a*w - n = w. List the prime factors of w.
5
Let n = 0 + 20. What are the prime factors of n?
2, 5
Let p(l) = -l**2 + 3*l + 7. Let m be p(5). List the prime factors of m + 6 + 5 - -2.
2, 5
Suppose 7*r = 106 + 104. What are the prime factors of r?
2, 3, 5
Let f be (-12)/(-4) + -2 - -1. Suppose f*k - 15 = 7. What are the prime factors of k?
11
Let f = -4 - -7. What are the prime factors of (3 - 0)*2/f?
2
Let n be (-96)/(-15) + (-2)/5. Suppose -y + 3*f - 5 = 0, -4*y - 2*f + f = -n. Let j = 6 - y. What are the prime factors of j?
5
Let x = -2 + 4. Suppose q + 21 = -x*q + 4*g, 0 = -q + 2*g - 9. What are the prime factors of 2/(-2*q/33)?
11
Let y = -11 + 13. Suppose -6*h = -y*h - 12. What are the prime factors of h?
3
Let b(r) = 3*r**2 + 4*r + 1. Suppose 4*t - 5*u + 2 - 3 = 0, 0 = 2*u - 6. Suppose -z + 4*v = 3*v + 2, -t*z - 2*v = 14. List the prime factors of b(z).
2
Suppose 0 = 5*n - 11 + 191. What are the prime factors of (4 - n/16)*4?
5
Suppose l = -5*h - 2*l + 10, -4 = -2*h - 2*l. Suppose k + 7 - 1 = 0. List the prime factors of (2/h)/(k/(-48)).
2
Let v be -2 - (-11 + 0 + -1). Suppose -2*n - 3*n = -v. Suppose n*c - 12 = -c. What are the prime factors of c?
2
Let w be (15/(-6))/(-5)*-4. Let x = -1 - w. What are the prime factors of 2/(-4)*x*-22?
11
Suppose 5*u + 3*w - 228 + 85 = 0, 5*u + 5*w = 135. Suppose 5*l + 6 = u. List the prime factors of (6/l)/((-3)/(-10)).
2
List the prime factors of 20/120 - 346/(-12).
29
Let s be 2/(-3) + 122/3. Suppose 7*m = 2*m + s. What are the prime factors of m?
2
Suppose -2*k = -3*n - 4, -n + 11 = 3*k - 3*n. Suppose -77 = -k*r + 13. List the prime factors of r.
2, 3
Let r = 89 - 59. Let a = r - 14. What are the prime factors of a?
2
Suppose 4*y - 4*r = -100, -5*r + 8 = 5*y + 133. Let z = -15 - y. What are the prime factors of z?
2, 5
Let r(y) = -y**2 + 9*y + 9. Let z be r(9). Let n = 28 - z. List the prime factors of n.
19
Let p(h) = 3*h**3 + 7*h**2 - 4*h - 5. List the prime factors of p(4).
283
Let s(f) = 2*f**2 - 13. What are the prime factors of s(6)?
59
Suppose 6*q = 2*q. Suppose 6 + q = 3*l. List the prime factors of l.
2
Suppose -221 = -6*l + 457. What are the prime factors of l?
113
Let b = 16 - 11. Suppose -b - 10 = -5*u. List the prime factors of u.
3
Suppose 12 = -4*v - 0*v + 2*u, 3*u - 10 = 4*v. Let r = -11 - v. Let n = r - -10. List the prime factors of n.
3
Suppose 4 = k, k = 3*l - 0*l + 52. Let d = 9 + l. Let a = -2 - d. List the prime factors of a.
5
Suppose -13*r + 9*r + 20 = 0. Let q(m) = 4*m + 5. What are the prime factors of q(r)?
5
Let a = 1 + -5. Let w(l) = -l**3 - 3*l**2 - 1. What are the prime factors of w(a)?
3, 5
Suppose 0 = -f + 4 + 20. Let i = 1 - 1. Suppose -x + 3*x -